ulate the remainder when 10 is divided by i.
2
Suppose 0 = 3*t - 0*t. What is the remainder when 16/(-40)*(-35 - t) is divided by 8?
6
Suppose g + 2*m - 6 = 0, 0 = m - 4 - 1. Let d = 8 + g. Suppose -3*t + 5 = 2*t + 5*i, -4*i - 20 = -4*t. Calculate the remainder when d is divided by t.
1
Let o(g) = -g**3 - 5*g**2 + 3*g + 5. Let q be o(-4). Let r = q + 40. Suppose -67 + 3 = -2*n. Calculate the remainder when n is divided by r.
15
Suppose 3*q + 12 = -3*y + 54, -5*q + 74 = 3*y. Let l be (-10)/(-4) - 2/4. Suppose -l*d + q = 4. What is the remainder when 17 is divided by d?
5
Let w(a) = 8*a**2 + 2*a. What is the remainder when w(-1) is divided by 2/5*1*5?
0
Let r = 11 + 2. Calculate the remainder when 23 is divided by r.
10
Let j be (0 - -4 - 0)/2. Suppose 6*n = j*n + 12. Suppose -5*z + 111 = 4*x - 5, 64 = n*z + x. Calculate the remainder when z is divided by 11.
9
Suppose 2*v = 28 + 18. Calculate the remainder when v is divided by 9.
5
Let r(o) be the third derivative of 2*o**5/3 - o**4/12 - o**3/6 + 2*o**2. Calculate the remainder when r(-1) is divided by (-3)/15 + (-71)/(-5).
13
Calculate the remainder when 59 is divided by 13/(-39) - (-92)/6.
14
Suppose 0*s - 44 = -s. What is the remainder when s is divided by 786/34 + 18/(-153)?
21
What is the remainder when (-2)/((-1)/(3*10/6)) is divided by 2?
0
Let v(g) = -3*g + 35. Calculate the remainder when v(-20) is divided by 12.
11
Suppose -3*z + 9 = -9. Let v = z - -5. Calculate the remainder when 21 is divided by v.
10
Let t = -33 + 54. Calculate the remainder when 59 is divided by t.
17
Let v = 46 + -26. Let u = -11 + v. What is the remainder when 26 is divided by u?
8
Let x(t) = 10*t. Let a be x(3). Let y = 44 - a. Calculate the remainder when 25 is divided by y.
11
Suppose -2*m = -7*m + 3*n + 6, 0 = 5*m + n - 18. Suppose 63 + 75 = m*k. What is the remainder when k is divided by 16?
14
Suppose 0 = -5*n + 2*s + 90, n + 0*n - 18 = 5*s. Suppose 0 = 5*m + 4 + 6. Calculate the remainder when (m + 1)/((-2)/68) is divided by n.
16
Calculate the remainder when (12/(-10))/(11/(-330)) is divided by 10.
6
Let y = -9 - -43. What is the remainder when y is divided by 7?
6
Let y(d) = -d**3 + 10*d**2 - 8*d - 5. Suppose -4*v + 22 = -26. Let f = v + -3. Calculate the remainder when 10 is divided by y(f).
2
Suppose -28 = -z - 7. What is the remainder when z is divided by 6?
3
Suppose -a - 28 = -73. Suppose 4*d = 23 + a. Calculate the remainder when d is divided by 9.
8
Let f(s) = 7*s**2 + 3*s + 9. What is the remainder when f(-3) is divided by 11?
8
Suppose j - 5*w - 24 = -2*j, 5*w = 0. What is the remainder when 29 is divided by j?
5
Let w = 0 + 2. Let o(m) = -w*m**2 - m + m**2 - 2*m**3 - 3*m**2 + 0*m**2. What is the remainder when o(-3) is divided by 11?
10
Let g(t) = -9*t - 7. Let j be g(-6). Suppose -5*d - 12 = -j. Suppose 4*c + 3*v - 69 = c, -c - 2*v + 26 = 0. What is the remainder when c is divided by d?
6
Suppose 11 = p - 48. What is the remainder when p is divided by 31?
28
What is the remainder when 15/(-45) + (-434)/(-6) is divided by 25?
22
Calculate the remainder when (-10)/15 - (-155)/3 is divided by 18.
15
Let u = 76 - 53. Suppose -q = n - u, 2*n + 3*n = 2*q - 32. What is the remainder when q is divided by 11?
10
Suppose 3*z + 69 + 45 = 4*u, -145 = -5*u + 5*z. Calculate the remainder when u is divided by 20.
7
Let p(i) = 22*i**3 - i**2 + 2*i - 1. What is the remainder when p(1) is divided by 15/(-2)*16/(-10)?
10
Let h be (-3)/((-69)/(-66) + -1). Let u be (3/(-9))/((-2)/h). Let g = u + 43. Calculate the remainder when g is divided by 17.
15
Suppose 0 = -r + 3 + 3. What is the remainder when 10 is divided by r?
4
Let k = -4 - -19. Suppose 210 = 6*v - v. Calculate the remainder when v is divided by k.
12
Suppose -2*v + 7*v - 225 = 0. Calculate the remainder when v is divided by 24.
21
Let k(z) = -z - 2. Calculate the remainder when (24/2)/(21/14) is divided by k(-5).
2
Suppose u - 2*u = -7. What is the remainder when (-10)/(-3)*(-30)/(-4) is divided by u?
4
Calculate the remainder when (-3 - -2)*1 - -62 is divided by 4/(-4 + (-85)/(-20)).
13
Let f be 36/60 + 12/5. What is the remainder when 37 is divided by 1*17 + -1 + f?
18
Let r = 2 + 13. What is the remainder when r is divided by (3/2)/((-2)/(-12))?
6
Let p = 10 - -19. Calculate the remainder when p is divided by 10.
9
Suppose -3*y - 20 = -5*y. Suppose -5*v + 20 = -v. Suppose -4*u + s = -117, 109 = 3*u - 0*s - v*s. Calculate the remainder when u is divided by y.
8
Suppose x = -4*a - x + 2162, -x - 1079 = -2*a. Let h = -75 + 130. Calculate the remainder when a/h + (-2)/(-11) is divided by 6.
4
Let w = -28 + 34. What is the remainder when 19 is divided by w?
1
Let d be 14/(-4) - (-2)/4. Let o(a) = -a**3 - a**2 - 2*a - 1. What is the remainder when -13*(-4 - d)*2 is divided by o(-2)?
5
Suppose -4*l + 7 + 25 = 0. Let u = 17 + l. What is the remainder when u is divided by 13?
12
Suppose m = 29 + 7. Suppose 6*s - m = 2*s. Calculate the remainder when s is divided by 6.
3
Suppose 6*w - 19 = 5. Suppose 0 = -b - f + 13 + w, -4*b + 2*f + 86 = 0. Suppose 0*d = 3*d + 4*x - 185, 4 = 2*x. What is the remainder when d is divided by b?
19
Suppose 5*n + 136 = 26. Let j = -7 - n. Calculate the remainder when j is divided by (1 + -3)/(1/(-4)).
7
Suppose -3*k = -12 - 0. Suppose -2*j - z = -14, -z = j - k*z. What is the remainder when 16 is divided by j?
4
Suppose m - 3 - 12 = 0. Let f(d) = 5*d**2 - 2*d + 4. What is the remainder when f(3) is divided by m?
13
Let h(j) = j**2 - 23*j + 33. Calculate the remainder when 197 is divided by h(23).
32
Let g = -2 + -29. Let h = 72 + g. What is the remainder when h is divided by 14?
13
Let n be 5 + 1 + -4 - -2. Suppose 0 = n*j - 26 - 18. Calculate the remainder when j is divided by 5.
1
Suppose 2*y + 2*y + i - 267 = 0, -138 = -2*y - 2*i. What is the remainder when y is divided by 35?
31
Calculate the remainder when (2492/(-28))/(-1 - 0) is divided by 23.
20
Let t be 32 + 2/(4/2). Suppose -s + 5*n = -27, -5*n - t = -3*s - 2*n. What is the remainder when 18 is divided by s?
4
Suppose 4*l = 11 - 3. Suppose -70 = -4*q + 2*u, 5*q - 3*u - 89 = -l*u. What is the remainder when 34 is divided by q?
16
Let z(r) = 15*r**2 - 4 + 4*r**2 - 6*r**2 + r + 3. Let s be 1/4*2*2. Calculate the remainder when 37 is divided by z(s).
11
What is the remainder when 86 is divided by 267/9 + (-4)/6?
28
Let z be 10/45 - (-50)/18. Let u be (13 - z)/(1/2). Suppose -d = d - u. What is the remainder when 29 is divided by d?
9
Let o = -117 - -125. What is the remainder when o is divided by 5?
3
Let w = 9 - 5. Let v = 5 + -5. Suppose -4*k = -v*k - 3*c - 27, -5*k = -2*c - 32. What is the remainder when k is divided by w?
2
Let t be 4/6 - 16/6. Let d = 3 - t. Suppose -d*l + 59 = -26. What is the remainder when 49 is divided by l?
15
Suppose 40 + 98 = 2*b. What is the remainder when b is divided by ((-40)/12 + 4)*27?
15
Suppose 3 - 1 = -a, 2*f = 5*a + 16. Suppose -f*g + 3*j = -111, 0 = -g + j - 4*j + 37. Calculate the remainder when g is divided by 13.
11
Suppose 6*n - 4*c + 362 = 8*n, -4*n + 5*c = -698. Calculate the remainder when n is divided by 60.
57
Suppose 0 = -3*v + 12, -4*v = y - 2*v - 17. Calculate the remainder when 24 is divided by y.
6
Suppose -4 - 4 = -2*d. Suppose 2*p = d, 3*r + p - 35 = 33. Calculate the remainder when r is divided by 8.
6
Let s(c) = 5*c - 31. Calculate the remainder when s(10) is divided by 6.
1
Let j be 10/5 - (-1 + 3). Suppose j = -5*s - 0 + 10. Suppose -5*f + 93 = 4*g, 15 = -s*g + 3*f + 56. Calculate the remainder when g is divided by 8.
6
Suppose 0*s + 25 = 5*s + 4*p, -3*s + 15 = 2*p. Suppose s*x + 0*x = 50. Calculate the remainder when 29 is divided by x.
9
Let u = -7 + 10. What is the remainder when u - -18 - (0 + 3) is divided by 10?
8
Let y = -143 - -238. Let k = y + -62. Calculate the remainder when k is divided by 17.
16
Let s(o) = 2*o**2 - 7*o - 7. Calculate the remainder when s(7) is divided by 22.
20
Let w(j) = 4*j - 3. Let k = 7 + -4. Let t = -7 - -12. Calculate the remainder when w(k) is divided by t.
4
Let k = 170 - 151. What is the remainder when k is divided by 7?
5
Let w(i) = -i + 4. Let k be w(13). Calculate the remainder when 40 is divided by -2*k/(-6) + 17.
12
Suppose h - g - 22 = 49, 5*g - 325 = -5*h. Calcul